ndred thousands digit of 337916?
3
What is the tens digit of 152988?
8
What is the hundreds digit of 1718502?
5
What is the thousands digit of 1322281?
2
What is the thousands digit of 1757957?
7
What is the tens digit of 198709?
0
What is the thousands digit of 1188597?
8
What is the thousands digit of 15444180?
4
What is the hundred thousands digit of 317001?
3
What is the thousands digit of 289997?
9
What is the millions digit of 5028421?
5
What is the hundreds digit of 8023221?
2
What is the units digit of 264591?
1
What is the hundred thousands digit of 999450?
9
What is the hundreds digit of 26046554?
5
What is the thousands digit of 939237?
9
What is the units digit of 16429120?
0
What is the units digit of 245726?
6
What is the ten thousands digit of 111334?
1
What is the hundreds digit of 3530227?
2
What is the units digit of 300085?
5
What is the thousands digit of 35114729?
4
What is the hundreds digit of 673690?
6
What is the hundreds digit of 87223?
2
What is the ten thousands digit of 8698696?
9
What is the millions digit of 1434416?
1
What is the ten thousands digit of 56399?
5
What is the units digit of 224613?
3
What is the thousands digit of 7562197?
2
What is the ten thousands digit of 17804?
1
What is the hundred thousands digit of 301209?
3
What is the ten thousands digit of 4797437?
9
What is the hundreds digit of 376000?
0
What is the thousands digit of 3202990?
2
What is the ten thousands digit of 635768?
3
What is the ten thousands digit of 1114507?
1
What is the hundred thousands digit of 22502414?
5
What is the units digit of 7632539?
9
What is the tens digit of 89166?
6
What is the ten thousands digit of 1148415?
4
What is the ten thousands digit of 13353?
1
What is the thousands digit of 20022565?
2
What is the tens digit of 591304?
0
What is the hundreds digit of 7166336?
3
What is the hundred thousands digit of 118144?
1
What is the tens digit of 18699142?
4
What is the millions digit of 2579033?
2
What is the tens digit of 75458?
5
What is the ten millions digit of 16558190?
1
What is the ten millions digit of 17603498?
1
What is the tens digit of 201995?
9
What is the thousands digit of 279504?
9
What is the hundred thousands digit of 6466599?
4
What is the hundreds digit of 153159?
1
What is the tens digit of 74832?
3
What is the millions digit of 29676570?
9
What is the hundred thousands digit of 1750851?
7
What is the thousands digit of 826262?
6
What is the millions digit of 1203640?
1
What is the thousands digit of 68640?
8
What is the hundred thousands digit of 6172839?
1
What is the ten thousands digit of 9006837?
0
What is the thousands digit of 168270?
8
What is the hundred thousands digit of 1934301?
9
What is the tens digit of 250377?
7
What is the hundreds digit of 81739?
7
What is the tens digit of 38802610?
1
What is the hundreds digit of 1240023?
0
What is the ten thousands digit of 324021?
2
What is the thousands digit of 4476088?
6
What is the ten thousands digit of 1496785?
9
What is the ten thousands digit of 778052?
7
What is the ten millions digit of 11398101?
1
What is the units digit of 455798?
8
What is the thousands digit of 90858?
0
What is the thousands digit of 443339?
3
What is the hundred thousands digit of 906650?
9
What is the ten thousands digit of 7156363?
5
What is the thousands digit of 1769021?
9
What is the hundred thousands digit of 390608?
3
What is the units digit of 386671?
1
What is the tens digit of 10994338?
3
What is the thousands digit of 1624583?
4
What is the thousands digit of 108809?
8
What is the thousands digit of 15918313?
8
What is the ten thousands digit of 90355?
9
What is the units digit of 4060752?
2
What is the hundreds digit of 225627?
6
What is the ten thousands digit of 2111741?
1
What is the tens digit of 224002?
0
What is the units digit of 3008736?
6
What is the ten thousands digit of 713656?
1
What is the hundreds digit of 20996967?
9
What is the tens digit of 2427989?
8
What is the hundreds digit of 82196?
1
What is the hundreds digit of 4554166?
1
What is the hundreds digit of 1462396?
3
What is the tens digit of 291105?
0
What is the ten thousands digit of 5638115?
3
What is the hundreds digit of 14115?
1
What is the thousands digit of 402918?
2
What is the units digit of 186082?
2
What is the units digit of 364332?
2
What is the units digit of 3688694?
4
What is the hundred thousands digit of 524340?
5
What is the hundreds digit of 157079?
0
What is the thousands digit of 282968?
2
What is the ten thousands digit of 4217431?
1
What is the thousands digit of 1480650?
0
What is the tens digit of 32636?
3
What is the units digit of 202969?
9
What is the thousands digit of 380714?
0
What is the millions digit of 7315940?
7
What is the thousands digit of 8250210?
0
What is the tens digit of 3031625?
2
What is the ten thousands digit of 7714515?
1
What is the ten thousands digit of 131669?
3
What is the hundred thousands digit of 342994?
3
What is the units digit of 23476?
6
What is the ten thousands digit of 8901925?
0
What is the hundred thousands digit of 294992?
2
What is the thousands digit of 248331?
8
What is the thousands digit of 160699?
0
What is the hundreds digit of 4418747?
7
What is the thousands digit of 737346?
7
What is the thousands digit of 39496?
9
What is the tens digit of 734459?
5
What is the ten thousands digit of 106893?
0
What is the hundreds digit of 138400?
4
What is the units digit of 853167?
7
What is the thousands digit of 897168?
7
What is the hundreds digit of 1388529?
5
What is the tens digit of 356172?
7
What is the ten thousands digit of 933159?
3
What is the tens digit of 445207?
0
What is the hundred thousands digit of 832781?
8
What is the hundreds digit of 1134444?
4
What is the hundreds digit of 12890?
8
What is the units digit of 233437?
7
What is the units digit of 103883?
3
What is the ten thousands digit of 515651?
1
What is the thousands digit of 208412?
8
What is the ten thousands digit of 645868?
4
What is the units digit of 839658?
8
What is the hundred thousands digit of 341739?
3
What is the ten thousands digit of 8445284?
4
What is the tens digit of 712070?
7
What is the thousands digit of 498046?
8
What is the hundreds digit of 21405?
4
What is the units digit of 462444?
4
What is the tens digit of 388309?
0
What is the units digit of 521829?
9
What is the ten thousands digit of 6395847?
9
What is the hundred thousands digit of 315305?
3
What is the hundreds digit of 1008838?
8
What is the hundreds digit of 28554671?
6
What is the ten thousands digit of 165673?
6
What is the ten millions digit of 13407961?
1
What is the thousands digit of 16207?
6
What is the ten thousands digit of 694296?
9
What is the tens digit of 611468?
6
What is the ten thousands digit of 24466?
2
What is the tens digit of 1437495?
9
What is the units digit of 2058?
8
What is the millions digit of 6478698?
6
What is the ten thousands digit of 1081505?
8
What is the units digit of 514962?
2
What is the hundred thousands digit of 950425?
9
What is the units digit of 107779?
9
What is the tens digit of 720609?
0
What is the ten thousands digit of 2854627?
5
What is the hundred thousands digit of 3223591?
2
What is the hundreds digit of 153351?
3
What is the thousands digit of 1725012?
5
What is the tens digit of 8210379?
7
What is the units digit of 9333355?
5
What is the hundreds digit of 8959?
9
What is the units digit of 1738411?
1
What is the hundreds digit of 3370889?
8
What is the thousands digit of 76477?
6
What is the hundreds digit of 2719775?
7
What is the tens digit of 134670?
7
What is the tens digit of 3053771?
7
What is the thousands digit of 94183?
4
What is the hundred thousands digit of 351925?
3
What is the thousands digit of 1847799?
7
What is the hundred thousands digit of 1396795?
3
What is the ten thousands digit of 285293?
8
What is the ten thousands digit of 195708?
9
What is the hundreds digit of 581063?
0
What is the thousands digit of 2875023?
5
What is the tens digit of 2584181?
8
What is the hundreds digit of 10198751?
7
What is the tens digit of 306560?
6
What is the tens digit of 7160588?
8
What is the units digit of 15122772?
2
What is the hundred thousands digit of 414143?
4
What is the h